 -2. Let z = 1922 - 2008. Let k = f - z. What is the tens digit of k?
7
Let p(s) = 24*s**3 + 14*s**2 + 20*s - 59. What is the thousands digit of p(6)?
5
Suppose 0 = 2682*c - 2634*c - 623088. What is the tens digit of c?
8
Suppose 5*a + 5*j = 25330, 3*j = -3*a + j + 15202. What is the thousands digit of a?
5
Let q(a) be the first derivative of -7*a**4 - a**2/2 + 4*a - 1765. Let j be (2/4)/((-1)/4). What is the units digit of q(j)?
0
Let v(k) = -28*k + 175. Let o(a) = -57*a + 350. Let n(x) = 4*o(x) - 9*v(x). What is the units digit of n(18)?
7
Suppose -12*q = 39*q - 32192 - 676351. What is the tens digit of q?
9
Let x(z) = -2*z - 21*z**2 + 0*z + 26*z**2 + 84*z**2. Let b be x(-1). Let r = b - 15. What is the units digit of r?
6
Suppose -2*o + 2*h + 12078 = 0, 5*o + 6350 = -8*h + 36597. What is the thousands digit of o?
6
Let o(c) = 10*c + 31. Let y be o(-13). Let n = y + 196. What is the units digit of n?
7
Let k(g) = g**3 - 15*g**2 + g - 18. Let q be k(15). What is the units digit of (-9366)/q*(-1)/(-2)?
1
Suppose 55*n = 54*n - 7, 4*q - 155902 = -2*n. What is the ten thousands digit of q?
3
Let z(p) = 84*p**2 - 67*p + 309. What is the thousands digit of z(-24)?
0
Let j be 2/(6/(-3))*(-2392)/26. Let b = 178 - 346. What is the tens digit of (j/16)/((-6)/b)?
6
Let g(n) = 2*n**3 + 9*n**2 - 171*n + 2608. What is the ten thousands digit of g(31)?
6
What is the ten thousands digit of (-41425)/(-1) - 17*99/561?
4
Let p be (54/(-45))/((-24)/80). Suppose 2*d - 610 = -y - y, -1219 = -p*y - 3*d. What is the tens digit of y?
0
Let l(c) = 498*c**2 - 35*c - 115. What is the units digit of l(-3)?
2
Suppose 18*m - m + 765 = 0. What is the units digit of 6 - 22330/m - 4/18?
2
Let y(f) be the first derivative of 3*f**3 - 3*f**2/2 + 4*f - 69. What is the tens digit of y(3)?
7
Suppose 0 = 10*i - 7*i + t - 19, 2*i + 3*t = 8. Suppose 0 = i*a - 2038 - 7027. What is the tens digit of a?
9
Let l(f) = 160*f**2 - 47*f - 272. What is the units digit of l(-6)?
0
Suppose 13*b - 21 = 5. Suppose b*s = -2*n + 884, -2210 = -5*n + s + 3*s. What is the units digit of n?
2
Let m be 15/6 - (-12)/(-8). Let b be 1 - (0 + m) - -5. Suppose 81 = x - 4*c, b*x + c + 54 = 396. What is the tens digit of x?
6
Let u = 12750 + -3280. What is the thousands digit of u?
9
Suppose -1901 = -13*z + 12*z. Suppose -2*j = -3*m - z, -19*j - 4765 = -24*j + 5*m. What is the tens digit of j?
5
Let f(k) = 10*k**3 - 4*k**2 + 80*k + 99. What is the thousands digit of f(15)?
4
Suppose -2*u + 6*u - 2*p = -4, 0 = -5*u - 2*p + 4. Suppose 5*r - 13 - 2 = u. Suppose 4*j - 116 = -4*c, 3*c - r*j = -0*c + 111. What is the tens digit of c?
3
Let m(l) = 13*l - 4. Let h be m(1). Suppose -h*b = -22 + 58. What is the tens digit of 1332/(-27)*6/b?
7
Suppose 1261*v - 1253*v = 59688. What is the thousands digit of v?
7
Let i(w) = w**3 + 67*w**2 - 71*w - 253. What is the hundreds digit of i(-67)?
5
Suppose 4*k + 792 = 2*q, -4*q - 2*k = -864 - 720. Let z be (q/110)/((-4)/(-130)). Suppose 5*w + z = 147. What is the units digit of w?
6
Suppose x = 376 - 11. What is the units digit of x + 0 + 3 + -5?
3
Let x(w) = -w**3 + 16*w**2 + 22*w - 15. Let k be (-1)/(1/(-17 + (3 - 3))). Let m be x(k). Suppose -610 + m = -4*c. What is the units digit of c?
5
Suppose 15*o - 12*o = 15. Suppose o*x + 3*j = 0, -5 = 3*x + 4*j - 16. Let d = x + 42. What is the tens digit of d?
3
Suppose -2 = -2*s - 3*x + x, 0 = -s + 5*x + 7. Suppose s*z = 5*o + 523, 5*o - 779 - 282 = -4*z. What is the tens digit of z?
6
Let y(r) = -2*r**2 - 12*r + 13. Let l be y(-7). Let o(w) = -3*w**3 + 2*w**2 + 3*w + 2. Let m be o(l). What is the units digit of (-3 - 10/(-4))*m - -13?
1
Let i(w) = w + 17. Let x be (-2 - -1)/(9/(-333)). Let a = x - 19. What is the tens digit of i(a)?
3
Suppose -48*i = -43*i - 30. What is the tens digit of (i - -71) + -8*1?
6
Let t = -52 - -58. Let b(n) = 2*n**3 - 11*n**2 - 7*n + 6. Let z be b(t). Suppose 4*a = -2*r + 382, 754 = -z*r + 4*r + 3*a. What is the hundreds digit of r?
1
Let r = -4522 + 11570. What is the thousands digit of r?
7
Let l(k) = -k**3 - 5*k**2 + 6. Let i be l(-5). Suppose i*y - 18 + 6 = 0. What is the tens digit of y - ((-14 - 4) + 4)?
1
Let h(m) = -m**3 + 6*m**2 + 8*m - 1. Let k be h(7). Suppose -d + k = 10. What is the tens digit of (-370)/d*12/15?
7
Let d = -491 + 217. Let h = -107 - d. What is the hundreds digit of h?
1
Let b be ((-264)/(-198))/(-2 - 28/(-12)). Suppose 0*s - 12 = -3*s. Suppose -3*g - 573 = -s*u + 384, -12 = b*g. What is the hundreds digit of u?
2
Let c be -1*2/2 + 3 - 16. Let h be 45/(-105) + (-34)/c. Suppose -4*x + 4*f + 186 = -170, 5*f - 150 = -h*x. What is the units digit of x?
5
Suppose 52*u = 50*u + 10. Suppose -2368 = -u*h - 3*y, -4*h = h - 4*y - 2396. What is the hundreds digit of h?
4
Let q(a) = 8*a**2 + 41*a + 1678. What is the hundreds digit of q(-30)?
6
Suppose 44*c - 35*c - 70920 = 0. What is the hundreds digit of c?
8
Let q(g) = 349*g + 52. Let w be q(-8). What is the hundreds digit of w/(-160)*(-1 + 7)*4?
4
Let z(a) = 52*a**2 + 6*a - 28. Suppose 5*d + 25 = 0, -4*i - 2*d = -3 + 1. What is the hundreds digit of z(i)?
4
Suppose 4*s - 4 = -4*m - 0*m, -7 = -s + 5*m. Suppose 6*c = -s*c + 3928. What is the hundreds digit of c?
4
Let w(n) = -673*n**3 + 3*n**2 + 5*n + 12. Let d be w(-2). Suppose -d = -21*c + 17513. What is the hundreds digit of c?
0
Suppose 20 + 10 = 5*k + 4*u, 5 = u. Suppose -4 = -3*w + k*w. What is the tens digit of 3/w - (-1556)/16?
9
Let h be (-21)/14*(2 + 140). Let n = 223 + h. What is the tens digit of n?
1
Suppose 275 + 286 = 3*r. Suppose p + 2*p = -4*y + r, -p + 5*y + 37 = 0. Let m = p + 1. What is the units digit of m?
8
Let v(b) = -139*b - 119. Let s be v(-4). Let u = 851 + s. What is the tens digit of u?
8
Let l(j) = -433*j - 2161. What is the hundreds digit of l(-21)?
9
Suppose -a - 280 = 4*k - 7*k, -4*a - 1106 = 2*k. Let l = a - -792. What is the hundreds digit of l?
5
Let a = -7 + 13. Let q(k) = 9*k + 0*k**2 + 2*k**2 + 8 + a*k - 2*k. What is the units digit of q(-9)?
3
Let n(w) = -2*w - 13*w - w - 14. Let g(l) = -34*l - 684. Let a be g(-20). What is the units digit of n(a)?
0
Suppose 6*z = -2*j + 29612, 0*z - 9894 = -2*z - 4*j. What is the thousands digit of z?
4
Suppose 6*t = 12*t + 222. Let o = t + 42. Suppose o*r - 221 = 179. What is the units digit of r?
0
Let b = 762 - -6095. What is the units digit of b?
7
Suppose -3*p + 1 = 2*k, 3 + 0 = -p. What is the tens digit of 1/k*30/12*46?
2
Let g = -8506 + 19173. What is the hundreds digit of g?
6
Suppose k = 6*u - 4*u + 651, 0 = 2*u - 10. Let y = k - 188. What is the tens digit of y?
7
Let j be 369/(-82)*(-5 - -1). Suppose 0 = -3*g + b + 1015, 698 - j = 2*g - 4*b. What is the tens digit of g?
3
Let p = 1013 - 990. Let y(q) = q**3 - 5*q**2 + 5*q - 3. Let a be y(3). What is the tens digit of (p*7)/((-6)/a)?
6
Let c(b) = -b + 26 - 98 + 31 + 33. Let h be c(-17). Suppose 0 = h*p - 2*p - 399. What is the tens digit of p?
5
Suppose -4*s + 0*j = -5*j - 14, -s - 4 = -5*j. Suppose -s*b + 3*b - 459 = 0. Let z = b - -221. What is the units digit of z?
8
What is the thousands digit of (-6955650)/(-546) - 2/7?
2
Suppose -19*w + 364 = -54. Let m = w + 1190. What is the tens digit of m?
1
Let u = 28 - 74. Suppose 0 = o + 5*i - 178, -5*i - 331 = -2*o - 10*i. Let m = u + o. What is the tens digit of m?
0
Let q be 2*(34 - 5 - -3) + 2. Let y = 526 - q. What is the tens digit of y?
6
Suppose 5*r - 195 = -4*o, r = 2*o - 109 - 6. Suppose 0 = 3*q + 40 - o. Suppose 12 + 68 = z + 4*h, -z + 82 = q*h. What is the units digit of z?
2
Suppose -5*g + 44990 = -3*w, 0*g + 5*g + 5*w - 44990 = 0. What is the units digit of g?
8
Let c(k) = 461*k**3 - 2*k + 2. Let y(b) = b**2 - 7*b - 7. Let w be y(8). What is the units digit of c(w)?
1
Let b(d) = 3*d + 1724. What is the hundreds digit of b(-52)?
5
Let u(j) = j**3 - 6*j**2 - 6*j. Let n be u(7). Suppose -n*v - 924 = -v. Let s = -40 - v. What is the tens digit of s?
1
Suppose -5*i = 2*a - 14577, 5*a - 3*i - 39270 + 2843 = 0. What is the hundreds digit of a?
2
Suppose 5*b + 5*f - f - 150 = 0, -b = -5*f - 30. Let y = b + -26. Suppose 4*u - 3*i - 116 = 178, 2*i = -y. What is the units digit of u?
2
Let i(v) be the third derivative of 8*v**5/15 + v**4/3 - 11*v**3/2 + 53*v**2. What is the units digit of i(3)?
9
Let